{"id":2960,"date":"2023-06-08T11:37:20","date_gmt":"2023-06-08T09:37:20","guid":{"rendered":"https:\/\/dev.oneia.net\/max\/v1\/?post_type=product&#038;p=2960"},"modified":"2023-06-10T15:25:51","modified_gmt":"2023-06-10T13:25:51","slug":"sac-lise","status":"publish","type":"product","link":"https:\/\/dev.oneia.net\/max\/v1\/shop\/sac-lise\/","title":{"rendered":"Sac Lise"},"content":{"rendered":"<div class=\"product_desc-row\">\n<div class=\"product_desc-img\" style=\"border: solid #aaa 1px; padding: 5px;\"><!--<img loading=\"lazy\" decoding=\"async\" class=\"alignnone wp-image-1425 size-full\" src=\"https:\/\/moren.la-studioweb.com\/wp-content\/uploads\/2020\/12\/shop-detials-01.jpg\" alt=\"\" width=\"470\" height=\"470\" \/>--><div data-total-frames=\"24\" data-main-image-url=\"https:\/\/dev.oneia.net\/max\/v1\/wp-content\/uploads\/2023\/06\/1.jpg\" data-image-url-format=\"x.jpg\" data-speed=\"90\" data-inertia=\"12\" data-zoom=\"true\" data-auto-rotate=\"1\" data-notification-config_drag-to-rotate_show-start-to-rotate-default-notification=\"true\" data-main-holder-id=\"jsv-holder-ivzbeosuan\" data-main-image-id=\"jsv-img-phcmslkvwj\" id=\"jsv-holder-ivzbeosuan\" class=\"jsv-holder\" ><img decoding=\"async\" id=\"jsv-img-phcmslkvwj\" alt=\"your 360 images\" src=\"https:\/\/dev.oneia.net\/max\/v1\/wp-content\/uploads\/2023\/06\/1.jpg\"><\/div><\/div>\n<div class=\"product_desc-desc\">\n<h4 style=\"font-style: italic;\">Le sac Lise est fabriqu\u00e9 dans notre atelier de Sauveterre de Rouergue en Aveyron en r\u00e9gion Occitanie<\/h4>\n<ul>\n<li>Fermeture par bouton pression<\/li>\n<li>Marquage \u00e0 chaud.<\/li>\n<li>Anse r\u00e9glable et amovible<\/li>\n<li>L\u2019int\u00e9rieur du sac est enti\u00e8rement doubl\u00e9 de tissu et il se compose d&rsquo;une poche plaqu\u00e9e et zipp\u00e9e.<\/li>\n<li>Rabat avec bouton aimant\u00e9<\/li>\n<li>Cuir grain\u00e9 de taurillon pleine fleur<\/li>\n<li>Cuir labellis\u00e9 LWG (Leather Working Group)<\/li>\n<li>Fabrication fran\u00e7aise<\/li>\n<\/ul>\n<\/div>\n<\/div>\n","protected":false},"excerpt":{"rendered":"<p>Une fois essay\u00e9, vous serez conquise, il vous suivra partout !<\/p>\n<p>Laissez vous s\u00e9duire par le sac Lise.<br \/>\nDes courbes minimalistes, un volume fonctionnel et l\u00e9ger.<br \/>\nLa bandouli\u00e8re amovible et r\u00e9glable pour une grande diversit\u00e9 de style.<br \/>\nLe plus : deux versions sont disponibles pour le sac Lise, avec un bouton en cuir ton sur ton ou un bouton dor\u00e9.<\/p>\n","protected":false},"featured_media":2865,"comment_status":"closed","ping_status":"closed","template":"","meta":[],"product_cat":[57],"product_tag":[41],"class_list":["post-2960","product","type-product","status-publish","has-post-thumbnail","hentry","product_cat-women","product_tag-main-06"],"_links":{"self":[{"href":"https:\/\/dev.oneia.net\/max\/v1\/wp-json\/wp\/v2\/product\/2960","targetHints":{"allow":["GET"]}}],"collection":[{"href":"https:\/\/dev.oneia.net\/max\/v1\/wp-json\/wp\/v2\/product"}],"about":[{"href":"https:\/\/dev.oneia.net\/max\/v1\/wp-json\/wp\/v2\/types\/product"}],"replies":[{"embeddable":true,"href":"https:\/\/dev.oneia.net\/max\/v1\/wp-json\/wp\/v2\/comments?post=2960"}],"wp:featuredmedia":[{"embeddable":true,"href":"https:\/\/dev.oneia.net\/max\/v1\/wp-json\/wp\/v2\/media\/2865"}],"wp:attachment":[{"href":"https:\/\/dev.oneia.net\/max\/v1\/wp-json\/wp\/v2\/media?parent=2960"}],"wp:term":[{"taxonomy":"product_cat","embeddable":true,"href":"https:\/\/dev.oneia.net\/max\/v1\/wp-json\/wp\/v2\/product_cat?post=2960"},{"taxonomy":"product_tag","embeddable":true,"href":"https:\/\/dev.oneia.net\/max\/v1\/wp-json\/wp\/v2\/product_tag?post=2960"}],"curies":[{"name":"wp","href":"https:\/\/api.w.org\/{rel}","templated":true}]}}

<div class="product_desc-row">
<div class="product_desc-img" style="border: solid #aaa 1px; padding: 5px;"><!--<img loading="lazy" decoding="async" class="alignnone wp-image-1425 size-full" src="https://moren.la-studioweb.com/wp-content/uploads/2020/12/shop-detials-01.jpg" alt="" width="470" height="470" />--><div data-total-frames="24" data-main-image-url="https://dev.oneia.net/max/v1/wp-content/uploads/2023/06/1.jpg" data-image-url-format="x.jpg" data-speed="90" data-inertia="12" data-zoom="true" data-auto-rotate="1" data-notification-config_drag-to-rotate_show-start-to-rotate-default-notification="true" data-main-holder-id="jsv-holder-ivzbeosuan" data-main-image-id="jsv-img-phcmslkvwj" id="jsv-holder-ivzbeosuan" class="jsv-holder" ><img decoding="async" id="jsv-img-phcmslkvwj" alt="your 360 images" src="https://dev.oneia.net/max/v1/wp-content/uploads/2023/06/1.jpg"></div></div>
<div class="product_desc-desc">
<h4 style="font-style: italic;">Le sac Lise est fabriqué dans notre atelier de Sauveterre de Rouergue en Aveyron en région Occitanie</h4>
<ul>
<li>Fermeture par bouton pression</li>
<li>Marquage à chaud.</li>
<li>Anse réglable et amovible</li>
<li>L’intérieur du sac est entièrement doublé de tissu et il se compose d&rsquo;une poche plaquée et zippée.</li>
<li>Rabat avec bouton aimanté</li>
<li>Cuir grainé de taurillon pleine fleur</li>
<li>Cuir labellisé LWG (Leather Working Group)</li>
<li>Fabrication française</li>
</ul>
</div>
</div>

<p>Une fois essayé, vous serez conquise, il vous suivra partout !</p>
<p>Laissez vous séduire par le sac Lise.<br />
Des courbes minimalistes, un volume fonctionnel et léger.<br />
La bandoulière amovible et réglable pour une grande diversité de style.<br />
Le plus : deux versions sont disponibles pour le sac Lise, avec un bouton en cuir ton sur ton ou un bouton doré.</p>
